 What is u(5)?
12
Let w(p) = 2*p**3 + 19*p**2 - 189*p - 687. What is w(-17)?
-1809
Let g(f) = 35*f**2 + 1192*f + 115. Give g(-34).
47
Let p(u) = -193*u**3 - 1642*u**2 - 2027*u + 76. Give p(-7).
6
Let z(s) = 42*s**2 + 716*s + 2609. Calculate z(-5).
79
Let w(a) = -a**3 + 35*a**2 + 147*a - 1403. What is w(38)?
-149
Let t(p) = -p**2 - 43962*p - 263709. What is t(-6)?
27
Let y(b) = -60206*b - 1745989. What is y(-29)?
-15
Let w(y) = 6*y**2 + 123*y + 385. Give w(-12).
-227
Let q(n) = 387*n**2 - 2955*n + 5091. Give q(5).
-9
Let i(w) = 28*w**2 - 9505*w + 4437. Determine i(339).
30
Let w(u) = u**2 + 32*u + 86. Determine w(-28).
-26
Let d(t) = t**3 + 17*t**2 - 155*t - 107. Give d(-23).
284
Let t(j) = -10*j**3 - 37*j**2 + 70*j + 38. Calculate t(-5).
13
Let p(j) = -14*j**3 - 188*j**2 - 76*j + 25. What is p(-13)?
-1
Let x(a) = -2*a**3 - 88*a**2 - 71*a + 117. Calculate x(-43).
-528
Let u(p) = 186*p - 5712. Determine u(32).
240
Let a(c) = c**2 + 3010*c + 145362. Give a(-49).
273
Let j(y) = -5181*y + 720149. Calculate j(139).
-10
Let f(i) = -2*i**3 - 93*i**2 + 212*i + 3692. Give f(-48).
428
Let m(o) = -2*o**3 - 22*o**2 + 709*o + 7285. Give m(-10).
-5
Let f(t) = t**3 + 5*t**2 - 635*t - 6615. Give f(-12).
-3
Let y(u) = 144*u + 12363. What is y(-90)?
-597
Let u(b) = -b**3 + 4*b**2 - 2633*b + 7889. Give u(3).
-1
Let j(q) = 4*q**3 - 234*q**2 + 2841*q - 325. Give j(17).
-2
Let c(s) = -2*s**2 - 508*s + 322225. What is c(-548)?
1
Let h(w) = 61*w + 6811. Calculate h(-112).
-21
Let f(v) = -812*v - 4277. Calculate f(-5).
-217
Let p(k) = -4*k**2 + 58*k. Determine p(15).
-30
Let k(a) = 13390*a - 1901390. Calculate k(142).
-10
Let i(w) = 838*w**2 + 257266*w - 2. What is i(-307)?
-2
Let i(z) = 3*z**2 - 431*z + 404. Calculate i(142).
-306
Let g(n) = 15*n**3 - 12463*n**2 - 1665*n + 2439. Give g(831).
-54
Let l(h) = -h**3 + 6*h**2 + 2378*h - 14292. Determine l(6).
-24
Let z(v) = v**2 + 98*v + 360. Calculate z(-96).
168
Let i(c) = 114*c**2 + 2581*c - 929. Determine i(-23).
14
Let s(y) = -10218*y - 153261. What is s(-15)?
9
Let j(o) = -431*o + 409806. Calculate j(951).
-75
Let a(c) = 6*c**2 + 714*c - 1568. What is a(-121)?
-116
Let d(g) = 395*g**3 - 95*g + 94. Give d(1).
394
Let b(t) = -586*t - 83555. Give b(-143).
243
Let r(f) = f**2 - 428*f - 63138. Give r(-116).
-34
Let d(t) = 1041*t**3 + 2*t**2 - 23*t + 20. Calculate d(1).
1040
Let x(q) = -q**3 - 19*q**2 - 82*q + 53. Calculate x(-11).
-13
Let n(h) = -4890*h + 83131. What is n(17)?
1
Let j(l) = -81*l**2 - 7287*l + 269. Determine j(-90).
-1
Let k(h) = 10861*h + 195279. What is k(-18)?
-219
Let z(s) = -23486*s + 3264560. Calculate z(139).
6
Let w(v) = v**3 + 381*v**2 + 21465*v - 4353. Determine w(-69).
-6
Let m(n) = -n**3 - 226*n**2 + 1696*n + 3762. Calculate m(9).
-9
Let y(o) = -74612*o - 13206331. Determine y(-177).
-7
Let o(d) = 37034*d - 222284. Determine o(6).
-80
Let n(u) = 50*u**2 - 17970*u + 89846. Determine n(5).
1246
Let m(y) = 2*y**3 + 219*y**2 + 385*y + 6734. Give m(-108).
146
Let p(z) = z**3 + 93*z**2 - 135*z - 1185. Give p(-94).
2669
Let h(a) = -a**3 - 112*a**2 + 338*a + 434. Determine h(-115).
1239
Let p(h) = -64*h**2 - 557*h + 37. Calculate p(-11).
-1580
Let w(u) = -2*u**3 - 9*u**2 - 866*u + 6088. Give w(7).
-1101
Let n(j) = 468*j - 6040. Give n(13).
44
Let r(f) = -4*f**2 + 32561*f - 97727. Give r(3).
-80
Let p(v) = -10*v**3 + 720*v**2 + 2254*v + 15. Determine p(-3).
3
Let h(i) = -883*i + 3562. What is h(7)?
-2619
Let s(g) = 1471*g + 11662. Determine s(-9).
-1577
Let v(y) = -65977*y + 461829. Determine v(7).
-10
Let p(w) = 39*w**3 + 349*w**2 + 33*w + 386. Give p(-9).
-73
Let h(m) = 2*m**3 - 552*m**2 + 18482*m - 86. What is h(39)?
-242
Let f(y) = 79280*y + 792796. Calculate f(-10).
-4
Let g(b) = 1884*b + 927. Determine g(0).
927
Let j(z) = z**3 - 21*z**2 + 77*z + 7. Determine j(16).
-41
Let k(o) = 918*o - 2371. What is k(4)?
1301
Let z(k) = -8*k**3 + 5*k**2 - 97*k - 339. Give z(-3).
213
Let v(d) = -809*d + 84059. Determine v(104).
-77
Let y(r) = 1719*r + 458968. Give y(-267).
-5
Let k(t) = 378715*t - 3029719. Calculate k(8).
1
Let x(j) = 1648*j - 14828. Determine x(9).
4
Let l(c) = -81901*c - 491388. Determine l(-6).
18
Let j(h) = h**3 - 32*h**2 + 11*h + 8. Determine j(28).
-2820
Let u(b) = b**2 - 327*b + 21248. Determine u(235).
-372
Let j(d) = 819*d - 248115. Give j(303).
42
Let l(u) = -5*u**2 - 394*u - 402. Give l(-81).
-1293
Let q(g) = 3*g**3 + 37*g**2 - 20*g - 327. Calculate q(-11).
377
Let s(b) = -274*b + 24005. Determine s(88).
-107
Let g(q) = -q**3 - 173*q**2 - 1297. Calculate g(-173).
-1297
Let y(j) = 19300*j + 41996821. What is y(-2176)?
21
Let o(h) = 531*h + 229930. What is o(-433)?
7
Let n(q) = q**2 + 232459*q + 22539106. What is n(-97)?
-8
Let x(q) = 4508*q + 57971. Calculate x(-13).
-633
Let n(l) = -481*l - 37990. What is n(-79)?
9
Let h(r) = r**3 + 115*r**2 - 2688*r + 1611. Calculate h(-135).
-9
Let b(d) = 1716*d + 8578. Calculate b(-5).
-2
Let g(v) = -v**2 - v + 25. Calculate g(-16).
-215
Let c(q) = -4*q**2 - 337*q + 3371. Determine c(10).
-399
Let g(r) = 11*r**2 - 1142*r - 1297. What is g(104)?
-1089
Let l(r) = -6*r**2 - 1647*r - 18899. Calculate l(-12).
1
Let x(m) = m**2 - 59*m - 941. Calculate x(77).
445
Let g(v) = -24*v - 1233. Give g(-84).
783
Let t(i) = -154*i**2 - 5853*i - 58. Determine t(-38).
-20
Let n(v) = -20825*v + 187462. What is n(9)?
37
Let v(j) = 8324*j + 191436. Give v(-23).
-16
Let y(w) = 2*w**3 + 348*w**2 - 2*w - 251. What is y(-174)?
97
Let h(s) = -146*s - 20917. Give h(-146).
399
Let s(h) = 3071*h + 27618. Determine s(-9).
-21
Let j(v) = 243*v + 33758. Calculate j(-142).
-748
Let k(p) = 7*p**2 - 755*p + 2145. Give k(105).
45
Let v(i) = -308*i**2 - 17*i - 54. What is v(0)?
-54
Let s(n) = 3004*n - 182. Determine s(0).
-182
Let u(w) = 18*w**2 + 6623*w - 39987. Determine u(6).
399
Let c(u) = -14558*u + 131018. What is c(9)?
-4
Let o(i) = 3*i**2 - 234*i + 4444. Give o(45).
-11
Let t(r) = 6*r**2 - 239*r - 1430. Determine t(-6).
220
Let c(o) = 3109*o + 52885. Determine c(-17).
32
Let g(u) = -245*u + 4652. Determine g(19).
-3
Let g(k) = k**3 - 27*k**2 - 1708*k + 24629. Calculate g(13).
59
Let v(d) = 1151*d + 20. Determine v(0).
20
Let n(b) = b**3 - 179*b**2 - 1095*b - 2771. Determine n(185).
4
Let h(o) = o**3 - 428*o**2 - 113*o + 48320. What is h(428)?
-44
Let s(v) = 6*v**2 + 13402*v - 1903606. Determine s(134).
-2
Let p(s) = -4*s**3 - 340*s**2 + 1263*s + 107366. What is p(-85)?
11
Let i(p) = -6*p + 866. Determine i(12).
794
Let x(d) = -d**3 + 5*d**2 + 248*d + 795. Give x(-11).
3
Let k(q) = -q**3 - 8*q**2 + 132*q + 1358. Calculate k(-7).
385
Let w(i) = -1317*i + 13243. What is w(10)?
73
Let h(b) = -4*b**3 + 2646*b**2 + 7967*b + 23. Calculate h(-3).
44
Let o(l) = 2081*l - 16217. Give o(8).
431
Let q(t) = 52497*t - 419981. Give q(8).
-5
Let w(r) = 3*r**3 + 289*r**2 + 804*r + 40279. Give w(-95).
-1
Let p(q) = 24*q - 2869. What is p(128)?
203
Let r(n) = 3*n**3 + 1526*n**2 - 198*n - 616729. Determine r(-508).
-17
Let c(z) = -4*z**3 + 30*z**2 + 52*z - 417. Determine c(8).
-129
Let h(t) = -6*t**2 - 21576*t - 21572. Determine h(-1).
-2
Let j(p) = 3244*p + 13072. Give j(-4).
96
Let y(w) = -w**2 + 139*w + 4013. Calculate y(-22).
471
Let n(a) = -a**3 - 194*a**2 - 177*a + 2514. Determine n(-193).
-574
Let h(a) = 110*a**2 + 14089*a - 63. Calculate h(-128).
-1215
Let m(g) = -61*g**3 + 9945*g**2 - 328*g + 239. What is m(163)?
-87
Let g(t) = -33*t**2 + 481*t - 276. Determine g(14).
-10
Let a(y) = y**3 - 12*y**2 + 899*y - 6052. What is a(7)?
-4
Let t(d) = -4*d**2 + 2737*d + 29999. Give t(-11).
-592
Let k(j) = -j**2 + 2086*j - 171994. What is k(86)?
6
Let r(q) = 122*q - 1488. Determine r(15).
342
Let i(l) = 145*l**2 - 39749*l + 5198. What is i(274)?
-8
Let n(y) = -7*y**3 + 467*y**2 - 342*y - 88. Give n(66).
-880
Let g(t) = 7*t**2 + 517*t - 3141. What is g(6)?
213
Let v(q) = 112422*q - 1236605. What is v(11)?
37
Let a(b) = 63*b - 6805. Determine a(104).
-253
Let l(w) = 2144*w + 390210. Give l(-182).
2
Let t(u) = -u**3 + 9*u**2 + 3664*u - 43539. Calculate t(12).
-3
Let p(r) = 2*r**3 - 7*r**2 + 37*r + 48. Give p(6).
450
Let l(h) = 1185*h + 29596. Determine l(-25).
-29
Let n(m) = m**3 - 67*m**2 + 70*m - 9336. Determine n(68).
48
Let y(x) = 2*x**3 - 733*x**2 + 7467*x + 3206. Give y(356).
2
Let l(z) = 2*